 0*s + 5*s - g + 24 = 0. Let f be s + (1 - (-2 + 1)). Is ((-6357)/(-13))/(f/(-2)) a prime number?
False
Let o(l) = -4 + 88 + 288*l - 93*l + 416. Is o(47) a composite number?
True
Suppose -4*y - 82 = -394. Is (-1144)/y*771/(-4) prime?
False
Let q(r) = 1110*r**2 - 11*r - 1105*r**2 - 4 + 1 - 16. Suppose 4*a + 0*a = -56. Is q(a) composite?
True
Let r(g) = -1404*g + 179. Is r(-47) composite?
True
Let o = 23 - -1. Let a be (2 - 0)*6036/o. Is (a - -2)*5 + -4 a composite number?
False
Let g = -17 - -27. Let t(v) = v**2 - 12*v + 24. Let o be t(g). Is (-18)/36 - (-46)/o a composite number?
False
Let x be 4/(-6)*-51 - (-2)/(-2). Let v = x - 47. Let d(c) = c**3 + 16*c**2 - 5*c - 17. Is d(v) a prime number?
False
Suppose -5*l + 14 = 2*t - 5*t, 0 = -5*t - 2*l + 18. Suppose -t*f = -13*f + 44. Let r(y) = 322*y - 3. Is r(f) a composite number?
True
Suppose -20*u + 68591 + 214229 = 0. Suppose -3*o + 12*n = 10*n - 42431, 2*n - u = -o. Is o a prime number?
True
Let a(c) = 15*c**2 - c - 1. Let m be 4*96/(-72)*(-6)/(-4). Is a(m) composite?
False
Let z be 7 - (12/(-8) - (-5)/(-10)). Let c(b) = 5*b**3 - 7*b**2 - 2*b + 19. Is c(z) a composite number?
False
Let c = 17895 + -44141. Let r = -9327 - c. Is r prime?
False
Let o(t) be the third derivative of -t**6/5 - 3*t**5/20 + t**4/8 + t**3/6 + 72*t**2. Is o(-4) composite?
False
Let c be ((-24614)/(-7) - 2) + 12/(-42). Suppose -3*k = -3*w + 10656, 4*w = -k + 10704 + c. Is w a composite number?
True
Let f(w) = -w**3 - w**2 - w + 4. Let k be f(0). Suppose -6*q = -k*q + 10, 71323 = 4*b + 5*q. Is b a prime number?
True
Let k(p) = -2*p**2 + 37*p - 3. Let i(x) = x**2 - x + 1. Let z(t) = 5*i(t) + k(t). Is z(39) a prime number?
True
Let o = 28 + 8. Suppose -f + o = 8*f. Suppose -185 = f*c - 5*c. Is c composite?
True
Suppose -17*r = -6*r - 22506. Let x = 2885 - r. Is x composite?
False
Let y(c) = -c + 8. Let t(d) = 6*d**2 + d. Let f be t(-1). Let l be y(f). Suppose -w - l*i + 328 = 6, i + 1658 = 5*w. Is w prime?
True
Suppose 8*d - 11*d - 2*f + 958981 = 0, -d = 2*f - 319655. Is d composite?
True
Suppose 2*y = -2*y + 34*y - 1439490. Is y a prime number?
False
Let w be 1 - -631 - (-2 + 4). Let d be (-8)/(-3)*(w/4)/7. Is (274/4)/(-3 + 186/d) a prime number?
False
Let d(f) = -33*f - 3. Let x(p) = 1. Let q(w) = d(w) - 2*x(w). Let b = -13 - -9. Is q(b) composite?
False
Let d = 981 - 537. Let s = 65 + -61. Suppose 3*r + y - d = 0, -r - s*y + 72 = -65. Is r prime?
True
Suppose 2*u - 876 = 5*m, 2006 + 146 = 5*u - 3*m. Let o = 1011 - u. Is o composite?
True
Let y(f) = 2392*f**2 + 70*f + 247. Is y(-4) a composite number?
False
Is (2/(-8))/(4*(-8)/1953152) a composite number?
False
Suppose -5*g = 2*w - 455694, 4*w = 231*g - 230*g + 911344. Is w a composite number?
True
Let z = -107154 + 181411. Is z composite?
False
Let k = 0 - -3. Let f(u) = -35*u + 40*u - 3*u - 1 + 12*u**3 - 4*u**2. Is f(k) prime?
True
Let k = 654 + -279. Suppose 3*t + k = 2478. Is t a composite number?
False
Suppose 5*l = 5*o - 5, -o = -l - 2*l + 3. Suppose -4*m - 5*u = -l*u - 2069, 0 = u + 5. Is m prime?
True
Suppose 4*h + 4*k = 52760, 5*k = 2*h + 4*k - 26386. Suppose 2*o + h = 45386. Is o a composite number?
False
Suppose 50 = -6*w + 164. Is w/((-114)/9)*25372/(-3) a prime number?
False
Suppose 0 = -3*s - r + 369 - 109, 4*s - 350 = 2*r. Is 2382/(-4)*(-116)/s a prime number?
False
Suppose 5*f = -3*r + 3, -4 + 5 = f + r. Suppose -11*m - 266 + 3049 = f. Is m prime?
False
Let j(u) = 2*u**2 + 16*u + 1. Let z be -2 + 24/(-1 - 3). Let i be j(z). Is 5/5*i - (1 + -199) composite?
False
Suppose -3*a = -8*a - 20357 + 275262. Is a prime?
False
Suppose 4*y - 2*t = -32810, -5*y - 2679 = 4*t + 38327. Let k = -4061 - y. Is k prime?
False
Suppose 3*p - 14*p = -22. Let s be (564/(-10))/((-1)/(250/p)). Let y = s + -3545. Is y prime?
False
Let v(r) = -22*r**3 + 38*r**2 + 148*r - 190. Is v(-22) composite?
True
Suppose 0 = -8*c + 25619 + 53685. Is c a composite number?
True
Let i(v) = 13 + 68*v**2 + 27 - 5 + 6 + 10*v. Is i(-5) prime?
False
Let t(z) = -4529*z - 1692. Is t(-7) prime?
True
Suppose -39*u + 1724013 + 12498122 = 3580478. Is u prime?
True
Let m(f) = -f**2 + 3*f + 7. Let p be m(4). Suppose p*a + 3*o = -6, -4*a + o = -0*a + 28. Is (a/(-2) - (-895)/10)*2 prime?
False
Is (4 - (-30)/18*-3)*-21127 a prime number?
False
Suppose 4*v - 17679 = 50933. Suppose 6609 - v = -4*c. Suppose c = 7*d + 249. Is d prime?
False
Let m(y) = -423*y - 10. Let l(b) = -2*b - 7. Let j be l(-6). Suppose -j = 4*r + r, -4*f = -4*r + 8. Is m(f) composite?
False
Suppose 13*i - 469090 = 3*i. Suppose 10*g = 6*g + 16, 4*g = 5*j - i. Is j composite?
True
Suppose -5*u - 2*x = -8469, 2*u - 7*x - 5065 = -u. Is u a prime number?
True
Let q = 109799 + -58690. Is q a prime number?
True
Suppose -10*i + 17*i = 106186 - 36725. Is i a prime number?
True
Is (-68*6/(-72)*3)/((-1)/(-239)) a composite number?
True
Let b(k) = 366*k + 67. Let n be b(-21). Let a = n - -12832. Is a composite?
True
Suppose -3*o - 6*o - 10178425 = -34*o. Is o a composite number?
False
Let l be (2/7)/(3/63). Let o be 10 - 13 - (4 + -424). Suppose -o = -l*z + 1329. Is z prime?
False
Let m(l) be the third derivative of 212*l**5/15 - 2*l**4/3 - 3*l**3/2 + l**2 - 11. Is m(-2) composite?
True
Let k(x) = x - 10 + 17 - 2*x - x. Let q be k(0). Let m(w) = w**2 + w - 17. Is m(q) composite?
True
Suppose 4966*b - 4973*b = -2411171. Is b composite?
False
Let t(d) = 21*d**2 + 6*d + 592. Is t(-61) composite?
False
Let b = 341 + -336. Suppose -b*l = 2*p - 27989, 0 = 4*p + 3*l - 86748 + 30763. Is p a prime number?
True
Suppose -3*a + 32 = 4*f, -64 = -5*a + 8*f - 4*f. Let n(q) be the second derivative of -q**5/20 + 13*q**4/12 - 7*q**3/6 + 7*q**2 + q. Is n(a) prime?
False
Suppose -4*u - 5*a = -263444, 136*u - 4*a = 139*u - 197583. Is u composite?
True
Let r be (7/(21/19449))/1. Suppose -136*m = -139*m + r. Is m prime?
True
Suppose -2*q - 4*v + 5*v + 6 = 0, 0 = -4*q - 3*v + 12. Suppose -q*j - 16 = -5*n, -5*j + 6*j - 8 = -n. Suppose -j*z - z = -12620. Is z prime?
False
Let m(h) = 3*h**2 + 5*h - 13. Suppose 0 = 6*i - 572 + 176. Suppose -5*c = 9 + i. Is m(c) a prime number?
True
Let q = 53 + -40. Suppose 0 = -4*b - y + 51143, -4*y - 1 = -q. Is b a prime number?
False
Suppose -2*j + 10858 = t, -22*t = -17*t - 20. Let n = j - -31736. Is n a prime number?
False
Suppose 5*d + 0*p - 5*p = -50, 5*d + 40 = 3*p. Let i be 63286/10 - 2/d. Suppose -i = -2*z + b, 2*z - 5*b - 7024 + 683 = 0. Is z composite?
False
Let o = 1584 - 109. Let c(l) = -5*l**2 + 17*l + 12. Let a be c(15). Let x = o - a. Is x composite?
False
Let x(r) = 631*r - 62. Suppose 36 = 4*j - 4*i - 4, -4*j + 58 = 2*i. Is x(j) prime?
False
Let r(m) = -382*m + 28. Let h be r(-23). Suppose -h = 7*w - 57611. Is w composite?
False
Suppose 5590 = d - 27097. Is d prime?
True
Let y be -6*(-1123)/2 - 3. Let a = -425 + y. Is a a composite number?
True
Let u be 727/(0 - (-3)/369). Is (-2)/(-13) + u/39 composite?
False
Is 6/34 - 266510500/(-4505) a composite number?
False
Let n = -60 - -66. Let w = 0 - n. Is ((-1268)/w)/((-18)/(-27)) a composite number?
False
Let k(q) = 111*q**3 + 52*q - 157. Is k(8) a prime number?
False
Suppose -667200 - 625897 = -13*u. Is u a prime number?
True
Let p(o) = -7452*o**3 - 18*o**2 + 7*o - 16. Is p(-5) a composite number?
True
Is (-3)/(-39)*(6514455 - 116) composite?
False
Is (-3477)/(-183) - (-1311029 - 1) a composite number?
True
Suppose 0 = 9*g - 4*g. Let k be -3*10/(-15) - g. Suppose 5*j + k*u = 2153 + 1022, -5*j = 4*u - 3185. Is j prime?
False
Let r = -404 - -11528. Suppose 0 = 3*o + 2013 - r. Is o a composite number?
False
Let k(c) = 3*c**2 - 5*c - 7. Let h(v) = 3*v + 57. Let i be h(-18). Let r be k(i). Suppose 0*l - 15 = -3*l, 5739 = 2*t + r*l. Is t prime?
True
Let d(k) = k**3 + k**2 + 2*k + 1. Let x(z) = -z**3 + 18*z**2 + 29*z + 17. Let b(p) = -2*d(p) - x(p). Is b(-28) composite?
False
Let t = 506 - 510. Is (968/(-6))/(-11)*(-267)/t prime?
False
Let n(v) = -v**2 + 15*v - 5. Let j(g) be the third derivative of -g**5/20 + 47*g**4/24 - 5*g**3/2 - 34*g**2. Let u(b) = 2*j(b) - 7*n(b). Is u(-23) composite?
False
Suppose 75*q - 1740193 = -16*q. Is q a composite number?
True
Let d(f) = 231*f**3 + 4*f**2 - 9*f + 1. Suppose -2*a - a = -2*t + 3, 4*a - t = 1. Let o(j) = 3*j**2 - j. Let p be o(a). Is d(p) prim